{"id":3166,"date":"2022-05-19T11:09:11","date_gmt":"2022-05-19T11:09:11","guid":{"rendered":"https:\/\/hadocongress.com\/2023\/?page_id=3166"},"modified":"2023-08-15T07:03:43","modified_gmt":"2023-08-15T07:03:43","slug":"digital-ortho-studio","status":"publish","type":"page","link":"https:\/\/hadocongress.com\/2023\/szponzorok\/digital-ortho-studio\/","title":{"rendered":"Digital Ortho Studio"},"content":{"rendered":"<div class=\"fusion-fullwidth fullwidth-box fusion-builder-row-1 fusion-flex-container nonhundred-percent-fullwidth non-hundred-percent-height-scrolling\" style=\"background-color: rgba(255,255,255,0);background-position: center center;background-repeat: no-repeat;border-width: 0px 0px 0px 0px;border-color:var(--awb-color3);border-style:solid;\" ><div class=\"fusion-builder-row fusion-row fusion-flex-align-items-flex-start fusion-flex-justify-content-center\" style=\"max-width:1310.4px;margin-left: calc(-4% \/ 2 );margin-right: calc(-4% \/ 2 );\"><div class=\"fusion-layout-column fusion_builder_column fusion-builder-column-0 fusion_builder_column_3_4 3_4 fusion-flex-column\"><div class=\"fusion-column-wrapper fusion-flex-justify-content-flex-start fusion-content-layout-column\" style=\"background-position:left top;background-repeat:no-repeat;-webkit-background-size:cover;-moz-background-size:cover;-o-background-size:cover;background-size:cover;padding: 0px 0px 0px 0px;\"><div style=\"text-align:center;\"><span class=\" fusion-imageframe imageframe-none imageframe-1 hover-type-none\" style=\"border-radius:12px;\"><img decoding=\"async\" width=\"450\" height=\"167\" title=\"dos-logo\" src=\"https:\/\/hadocongress.com\/2023\/wp-content\/uploads\/2022\/05\/dos-logo.jpg\" data-orig-src=\"https:\/\/hadocongress.com\/2023\/wp-content\/uploads\/2022\/05\/dos-logo.jpg\" alt class=\"lazyload img-responsive wp-image-3167\" srcset=\"data:image\/svg+xml,%3Csvg%20xmlns%3D%27http%3A%2F%2Fwww.w3.org%2F2000%2Fsvg%27%20width%3D%27450%27%20height%3D%27167%27%20viewBox%3D%270%200%20450%20167%27%3E%3Crect%20width%3D%27450%27%20height%3D%27167%27%20fill-opacity%3D%220%22%2F%3E%3C%2Fsvg%3E\" data-srcset=\"https:\/\/hadocongress.com\/2023\/wp-content\/uploads\/2022\/05\/dos-logo-200x74.jpg 200w, https:\/\/hadocongress.com\/2023\/wp-content\/uploads\/2022\/05\/dos-logo-400x148.jpg 400w, https:\/\/hadocongress.com\/2023\/wp-content\/uploads\/2022\/05\/dos-logo.jpg 450w\" data-sizes=\"auto\" data-orig-sizes=\"(max-width: 640px) 100vw, 450px\" \/><\/span><\/div><\/div><style type=\"text\/css\">.fusion-body .fusion-builder-column-0{width:75% !important;margin-top : 20px;margin-bottom : 20px;}.fusion-builder-column-0 > .fusion-column-wrapper {padding-top : 0px !important;padding-right : 0px !important;margin-right : 2.56%;padding-bottom : 0px !important;padding-left : 0px !important;margin-left : 2.56%;}@media only screen and (max-width:1200px) {.fusion-body .fusion-builder-column-0{width:75% !important;order : 0;}.fusion-builder-column-0 > .fusion-column-wrapper {margin-right : 2.56%;margin-left : 2.56%;}}@media only screen and (max-width:640px) {.fusion-body .fusion-builder-column-0{width:100% !important;order : 0;}.fusion-builder-column-0 > .fusion-column-wrapper {margin-right : 1.92%;margin-left : 1.92%;}}<\/style><\/div><div class=\"fusion-layout-column fusion_builder_column fusion-builder-column-1 fusion_builder_column_3_4 3_4 fusion-flex-column\"><div class=\"fusion-column-wrapper fusion-flex-justify-content-flex-start fusion-content-layout-column\" style=\"background-position:left top;background-repeat:no-repeat;-webkit-background-size:cover;-moz-background-size:cover;-o-background-size:cover;background-size:cover;padding: 0px 0px 0px 0px;\"><style type=\"text\/css\">@media only screen and (max-width:1200px) {.fusion-title.fusion-title-1{margin-top:10px!important; margin-right:0px!important;margin-bottom:20px!important;margin-left:0px!important;}}@media only screen and (max-width:640px) {.fusion-title.fusion-title-1{margin-top:10px!important; margin-right:0px!important;margin-bottom:20px!important; margin-left:0px!important;}}<\/style><div class=\"fusion-title title fusion-title-1 fusion-sep-none fusion-title-center fusion-title-text fusion-title-size-three\" style=\"margin-top:10px;margin-right:0px;margin-bottom:20px;margin-left:0px;\"><h3 class=\"title-heading-center fusion-responsive-typography-calculated\" style=\"margin:0;--fontSize:36;line-height:1.3;\">Digital Ortho Studio<\/h3><\/div><div class=\"fusion-text fusion-text-1\" style=\"text-transform:none;\"><p>Laborunk 1997 \u00f3ta m\u0171k\u00f6dik. Specialit\u00e1sunk fogszab\u00e1lyoz\u00f3 k\u00e9sz\u00fcl\u00e9kek \u00e9s kieg\u00e9sz\u00edt\u0151k 3D tervez\u00e9se \u00e9s megval\u00f3s\u00edt\u00e1sa f\u00e9m 3D nyomtat\u00e1ssal.<\/p>\n<p>Az innov\u00e1ci\u00f3 imm\u00e1ron t\u00f6bb, mint k\u00e9t \u00e9vtizede jellemzi c\u00e9g\u00fcnket. A fogszab\u00e1lyoz\u00f3 k\u00e9sz\u00fcl\u00e9kek ir\u00e1nti szenved\u00e9ly \u00e1ltal 2012-ben Magyarorsz\u00e1gon els\u0151k\u00e9nt vezett\u00fck be a digit\u00e1lis technol\u00f3gi\u00e1t a fogszab\u00e1lyoz\u00f3 k\u00e9sz\u00fcl\u00e9kek gy\u00e1rt\u00e1sa ter\u00fclet\u00e9n.\u00a0Koll\u00e9g\u00e1im \u00e9s j\u00f3magam szakmai \u00e9rdekl\u0151d\u00e9s\u00e9t eddig z\u00f6mmel k\u00fclf\u00f6ld\u00f6n tartott konferenci\u00e1kon volt lehet\u0151s\u00e9g\u00fcnk kiel\u00e9g\u00edteni.<\/p>\n<p>Napjainkban a CAD\/CAM technol\u00f3gi\u00e1val gy\u00e1rtott palatin\u00e1lisan elhorgonyzott transzverz\u00e1lis t\u00e1g\u00edt\u00f3 k\u00e9sz\u00fcl\u00e9keket (MARPE, Micro4, Micro2, Hybrid Hyrax stb.) Nemes B\u00e1lint Doktor \u00dar vezette szakmai csapattal fejlesztj\u00fck.\u00a0A n\u00e1lunk k\u00e9sz\u00fcl\u0151 fogszab\u00e1lyoz\u00f3 \u00e9s implant\u00e1ci\u00f3s eszk\u00f6z\u00f6k egyedis\u00e9ge az individu\u00e1lis tervez\u00e9snek k\u00f6sz\u00f6nhet\u0151. Minden egyes eszk\u00f6zt a megrendel\u0151 orvossal szorosan egy\u00fcttm\u0171k\u00f6dve tervez\u00fcnk teljesen esetre szabottan. Tapasztalatunk \u00e9s precizit\u00e1sunk a partnereink \u00e9s a betegek sz\u00e1m\u00e1ra a legjobb megold\u00e1sokat \u00e9s a t\u00f6k\u00e9letes min\u0151s\u00e9get jelenti. A digit\u00e1lis tervez\u00e9s teljesen egyedi megold\u00e1sok kialak\u00edt\u00e1s\u00e1t teszi lehet\u0151v\u00e9 a k\u00e9sz\u00fcl\u00e9keken.<\/p>\n<p>Az eszk\u00f6z\u00f6k k\u00fcl\u00f6nlegess\u00e9ge, hogy az els\u0151 l\u00e9p\u00e9st\u0151l az utols\u00f3ig grafikus szoftverekkel \u00e9s 3D m\u0171anyag \u00e9s f\u00e9m nyomtat\u00e1ssal t\u00e1mogatjuk az orvosok szakmai munk\u00e1j\u00e1t. A munkafolyamat a\u00a0palatin\u00e1lis elhorgonyz\u00e1sra szolg\u00e1l\u00f3 mini implant\u00e1tumok legide\u00e1lisabb poz\u00edci\u00f3j\u00e1nak CBCT seg\u00edts\u00e9g\u00e9vel t\u00f6rt\u00e9n\u0151 meghat\u00e1roz\u00e1s\u00e1val kezd\u0151dik, a valid\u00e1lt poz\u00edci\u00f3ra 3D nyomtatott navig\u00e1ci\u00f3s sablont k\u00e9sz\u00edt\u00fcnk v\u00e9g\u00fcl egy grafikus szoftverrel megtervezz\u00fck a k\u00e9sz\u00fcl\u00e9ket. A 3D megjelen\u00edt\u0151 szoftvereink seg\u00edts\u00e9g\u00e9vel m\u00e9g a gy\u00e1rt\u00e1s el\u0151tt, j\u00f3l tudjuk szeml\u00e9ltetni a k\u00e9sz\u00fcl\u00e9k kialak\u00edt\u00e1s\u00e1t, ami, ha el\u00e9rte a v\u00e9gs\u0151 elk\u00e9pzel\u00e9st, akkor f\u00e9m 3D nyomtat\u00e1ssal\u00a0val\u00f3s\u00edtjuk meg monoblock form\u00e1ban, \u00edgy csak a t\u00e1g\u00edt\u00e1st v\u00e9gz\u0151 csavar ker\u00fcl l\u00e9zer forrasztva az eszk\u00f6zre.<\/p>\n<p>A Digital Ortho Studio csapata tov\u00e1bbra is az innov\u00e1ci\u00f3 \u00fatj\u00e1n folytatja munk\u00e1j\u00e1t a partnereivel szorosan egy\u00fcttm\u0171k\u00f6dve, ig\u00e9nyeiknek maxim\u00e1lisan eleget t\u00e9ve.<\/p>\n<p>Digital Ortho Studio<br \/>\n8000 Sz\u00e9kesfeh\u00e9rv\u00e1r, Fisk\u00e1lis \u00fat 78.<br \/>\nLangm\u00e1r Zsolt<br \/>\n<a href=\"mailto:3dortholabor@gmail.com\">3dortholabor@gmail.com<\/a><br \/>\n+36703113041<br \/>\n<a href=\"https:\/\/digitalorthostudio.hu\/\" target=\"_blank\" rel=\"noopener\">https:\/\/digitalorthostudio.hu\/<\/a><\/p>\n<\/div><\/div><style type=\"text\/css\">.fusion-body .fusion-builder-column-1{width:75% !important;margin-top : 20px;margin-bottom : 20px;}.fusion-builder-column-1 > .fusion-column-wrapper {padding-top : 0px !important;padding-right : 0px !important;margin-right : 2.56%;padding-bottom : 0px !important;padding-left : 0px !important;margin-left : 2.56%;}@media only screen and (max-width:1200px) {.fusion-body .fusion-builder-column-1{width:75% !important;order : 0;}.fusion-builder-column-1 > .fusion-column-wrapper {margin-right : 2.56%;margin-left : 2.56%;}}@media only screen and (max-width:640px) {.fusion-body .fusion-builder-column-1{width:100% !important;order : 0;}.fusion-builder-column-1 > .fusion-column-wrapper {margin-right : 1.92%;margin-left : 1.92%;}}<\/style><\/div><\/div><style type=\"text\/css\">.fusion-body .fusion-flex-container.fusion-builder-row-1{ padding-top : 0px;margin-top : 0px;padding-right : 0px;padding-bottom : 0px;margin-bottom : 0px;padding-left : 0px;}<\/style><\/div>\n","protected":false},"excerpt":{"rendered":"","protected":false},"author":1,"featured_media":0,"parent":1099,"menu_order":0,"comment_status":"closed","ping_status":"closed","template":"100-width.php","meta":{"footnotes":""},"yoast_head":"<!-- This site is optimized with the Yoast SEO plugin v19.6.1 - https:\/\/yoast.com\/wordpress\/plugins\/seo\/ -->\n<title>Digital Ortho Studio - Magyar \u00c1llcsont-ortop\u00e9diai \u00e9s Fogszab\u00e1lyoz\u00e1si T\u00e1rsas\u00e1g I. Nemzetk\u00f6zi Kongresszusa<\/title>\n<meta name=\"robots\" content=\"index, follow, max-snippet:-1, max-image-preview:large, max-video-preview:-1\" \/>\n<link rel=\"canonical\" href=\"https:\/\/hadocongress.com\/2023\/szponzorok\/digital-ortho-studio\/\" \/>\n<meta property=\"og:locale\" content=\"hu_HU\" \/>\n<meta property=\"og:type\" content=\"article\" \/>\n<meta property=\"og:title\" content=\"Digital Ortho Studio - Magyar \u00c1llcsont-ortop\u00e9diai \u00e9s Fogszab\u00e1lyoz\u00e1si T\u00e1rsas\u00e1g I. Nemzetk\u00f6zi Kongresszusa\" \/>\n<meta property=\"og:url\" content=\"https:\/\/hadocongress.com\/2023\/szponzorok\/digital-ortho-studio\/\" \/>\n<meta property=\"og:site_name\" content=\"Magyar \u00c1llcsont-ortop\u00e9diai \u00e9s Fogszab\u00e1lyoz\u00e1si T\u00e1rsas\u00e1g I. Nemzetk\u00f6zi Kongresszusa\" \/>\n<meta property=\"article:modified_time\" content=\"2023-08-15T07:03:43+00:00\" \/>\n<meta name=\"twitter:card\" content=\"summary_large_image\" \/>\n<meta name=\"twitter:label1\" content=\"Becs\u00fclt olvas\u00e1si id\u0151\" \/>\n\t<meta name=\"twitter:data1\" content=\"8 perc\" \/>\n<script type=\"application\/ld+json\" class=\"yoast-schema-graph\">{\"@context\":\"https:\/\/schema.org\",\"@graph\":[{\"@type\":\"WebPage\",\"@id\":\"https:\/\/hadocongress.com\/2023\/szponzorok\/digital-ortho-studio\/\",\"url\":\"https:\/\/hadocongress.com\/2023\/szponzorok\/digital-ortho-studio\/\",\"name\":\"Digital Ortho Studio - Magyar \u00c1llcsont-ortop\u00e9diai \u00e9s Fogszab\u00e1lyoz\u00e1si T\u00e1rsas\u00e1g I. Nemzetk\u00f6zi Kongresszusa\",\"isPartOf\":{\"@id\":\"https:\/\/hadocongress.com\/2023\/#website\"},\"datePublished\":\"2022-05-19T11:09:11+00:00\",\"dateModified\":\"2023-08-15T07:03:43+00:00\",\"breadcrumb\":{\"@id\":\"https:\/\/hadocongress.com\/2023\/szponzorok\/digital-ortho-studio\/#breadcrumb\"},\"inLanguage\":\"hu\",\"potentialAction\":[{\"@type\":\"ReadAction\",\"target\":[\"https:\/\/hadocongress.com\/2023\/szponzorok\/digital-ortho-studio\/\"]}]},{\"@type\":\"BreadcrumbList\",\"@id\":\"https:\/\/hadocongress.com\/2023\/szponzorok\/digital-ortho-studio\/#breadcrumb\",\"itemListElement\":[{\"@type\":\"ListItem\",\"position\":1,\"name\":\"Kezd\u0151lap\",\"item\":\"https:\/\/hadocongress.com\/2023\/\"},{\"@type\":\"ListItem\",\"position\":2,\"name\":\"Szponzorok\",\"item\":\"https:\/\/hadocongress.com\/2023\/szponzorok\/\"},{\"@type\":\"ListItem\",\"position\":3,\"name\":\"Digital Ortho Studio\"}]},{\"@type\":\"WebSite\",\"@id\":\"https:\/\/hadocongress.com\/2023\/#website\",\"url\":\"https:\/\/hadocongress.com\/2023\/\",\"name\":\"Magyar \u00c1llcsont-ortop\u00e9diai \u00e9s Fogszab\u00e1lyoz\u00e1si T\u00e1rsas\u00e1g I. Nemzetk\u00f6zi Kongresszusa\",\"description\":\"#breakthru2022\",\"publisher\":{\"@id\":\"https:\/\/hadocongress.com\/2023\/#organization\"},\"potentialAction\":[{\"@type\":\"SearchAction\",\"target\":{\"@type\":\"EntryPoint\",\"urlTemplate\":\"https:\/\/hadocongress.com\/2023\/?s={search_term_string}\"},\"query-input\":\"required name=search_term_string\"}],\"inLanguage\":\"hu\"},{\"@type\":\"Organization\",\"@id\":\"https:\/\/hadocongress.com\/2023\/#organization\",\"name\":\"hadocongress.com\",\"url\":\"https:\/\/hadocongress.com\/2023\/\",\"sameAs\":[],\"logo\":{\"@type\":\"ImageObject\",\"inLanguage\":\"hu\",\"@id\":\"https:\/\/hadocongress.com\/2023\/#\/schema\/logo\/image\/\",\"url\":\"https:\/\/hadocongress.com\/2023\/wp-content\/uploads\/2022\/02\/logo-default.png\",\"contentUrl\":\"https:\/\/hadocongress.com\/2023\/wp-content\/uploads\/2022\/02\/logo-default.png\",\"width\":342,\"height\":102,\"caption\":\"hadocongress.com\"},\"image\":{\"@id\":\"https:\/\/hadocongress.com\/2023\/#\/schema\/logo\/image\/\"}}]}<\/script>\n<!-- \/ Yoast SEO plugin. -->","yoast_head_json":{"title":"Digital Ortho Studio - Magyar \u00c1llcsont-ortop\u00e9diai \u00e9s Fogszab\u00e1lyoz\u00e1si T\u00e1rsas\u00e1g I. Nemzetk\u00f6zi Kongresszusa","robots":{"index":"index","follow":"follow","max-snippet":"max-snippet:-1","max-image-preview":"max-image-preview:large","max-video-preview":"max-video-preview:-1"},"canonical":"https:\/\/hadocongress.com\/2023\/szponzorok\/digital-ortho-studio\/","og_locale":"hu_HU","og_type":"article","og_title":"Digital Ortho Studio - Magyar \u00c1llcsont-ortop\u00e9diai \u00e9s Fogszab\u00e1lyoz\u00e1si T\u00e1rsas\u00e1g I. Nemzetk\u00f6zi Kongresszusa","og_url":"https:\/\/hadocongress.com\/2023\/szponzorok\/digital-ortho-studio\/","og_site_name":"Magyar \u00c1llcsont-ortop\u00e9diai \u00e9s Fogszab\u00e1lyoz\u00e1si T\u00e1rsas\u00e1g I. Nemzetk\u00f6zi Kongresszusa","article_modified_time":"2023-08-15T07:03:43+00:00","twitter_card":"summary_large_image","twitter_misc":{"Becs\u00fclt olvas\u00e1si id\u0151":"8 perc"},"schema":{"@context":"https:\/\/schema.org","@graph":[{"@type":"WebPage","@id":"https:\/\/hadocongress.com\/2023\/szponzorok\/digital-ortho-studio\/","url":"https:\/\/hadocongress.com\/2023\/szponzorok\/digital-ortho-studio\/","name":"Digital Ortho Studio - Magyar \u00c1llcsont-ortop\u00e9diai \u00e9s Fogszab\u00e1lyoz\u00e1si T\u00e1rsas\u00e1g I. Nemzetk\u00f6zi Kongresszusa","isPartOf":{"@id":"https:\/\/hadocongress.com\/2023\/#website"},"datePublished":"2022-05-19T11:09:11+00:00","dateModified":"2023-08-15T07:03:43+00:00","breadcrumb":{"@id":"https:\/\/hadocongress.com\/2023\/szponzorok\/digital-ortho-studio\/#breadcrumb"},"inLanguage":"hu","potentialAction":[{"@type":"ReadAction","target":["https:\/\/hadocongress.com\/2023\/szponzorok\/digital-ortho-studio\/"]}]},{"@type":"BreadcrumbList","@id":"https:\/\/hadocongress.com\/2023\/szponzorok\/digital-ortho-studio\/#breadcrumb","itemListElement":[{"@type":"ListItem","position":1,"name":"Kezd\u0151lap","item":"https:\/\/hadocongress.com\/2023\/"},{"@type":"ListItem","position":2,"name":"Szponzorok","item":"https:\/\/hadocongress.com\/2023\/szponzorok\/"},{"@type":"ListItem","position":3,"name":"Digital Ortho Studio"}]},{"@type":"WebSite","@id":"https:\/\/hadocongress.com\/2023\/#website","url":"https:\/\/hadocongress.com\/2023\/","name":"Magyar \u00c1llcsont-ortop\u00e9diai \u00e9s Fogszab\u00e1lyoz\u00e1si T\u00e1rsas\u00e1g I. Nemzetk\u00f6zi Kongresszusa","description":"#breakthru2022","publisher":{"@id":"https:\/\/hadocongress.com\/2023\/#organization"},"potentialAction":[{"@type":"SearchAction","target":{"@type":"EntryPoint","urlTemplate":"https:\/\/hadocongress.com\/2023\/?s={search_term_string}"},"query-input":"required name=search_term_string"}],"inLanguage":"hu"},{"@type":"Organization","@id":"https:\/\/hadocongress.com\/2023\/#organization","name":"hadocongress.com","url":"https:\/\/hadocongress.com\/2023\/","sameAs":[],"logo":{"@type":"ImageObject","inLanguage":"hu","@id":"https:\/\/hadocongress.com\/2023\/#\/schema\/logo\/image\/","url":"https:\/\/hadocongress.com\/2023\/wp-content\/uploads\/2022\/02\/logo-default.png","contentUrl":"https:\/\/hadocongress.com\/2023\/wp-content\/uploads\/2022\/02\/logo-default.png","width":342,"height":102,"caption":"hadocongress.com"},"image":{"@id":"https:\/\/hadocongress.com\/2023\/#\/schema\/logo\/image\/"}}]}},"_links":{"self":[{"href":"https:\/\/hadocongress.com\/2023\/wp-json\/wp\/v2\/pages\/3166"}],"collection":[{"href":"https:\/\/hadocongress.com\/2023\/wp-json\/wp\/v2\/pages"}],"about":[{"href":"https:\/\/hadocongress.com\/2023\/wp-json\/wp\/v2\/types\/page"}],"author":[{"embeddable":true,"href":"https:\/\/hadocongress.com\/2023\/wp-json\/wp\/v2\/users\/1"}],"replies":[{"embeddable":true,"href":"https:\/\/hadocongress.com\/2023\/wp-json\/wp\/v2\/comments?post=3166"}],"version-history":[{"count":2,"href":"https:\/\/hadocongress.com\/2023\/wp-json\/wp\/v2\/pages\/3166\/revisions"}],"predecessor-version":[{"id":4216,"href":"https:\/\/hadocongress.com\/2023\/wp-json\/wp\/v2\/pages\/3166\/revisions\/4216"}],"up":[{"embeddable":true,"href":"https:\/\/hadocongress.com\/2023\/wp-json\/wp\/v2\/pages\/1099"}],"wp:attachment":[{"href":"https:\/\/hadocongress.com\/2023\/wp-json\/wp\/v2\/media?parent=3166"}],"curies":[{"name":"wp","href":"https:\/\/api.w.org\/{rel}","templated":true}]}}