{"id":3106,"date":"2022-05-06T11:47:51","date_gmt":"2022-05-06T11:47:51","guid":{"rendered":"https:\/\/hadocongress.com\/2023\/?page_id=3106"},"modified":"2023-08-15T06:53:17","modified_gmt":"2023-08-15T06:53:17","slug":"ivodent","status":"publish","type":"page","link":"https:\/\/hadocongress.com\/2023\/szponzorok\/ivodent\/","title":{"rendered":"IvoDent"},"content":{"rendered":"<div class=\"fusion-fullwidth fullwidth-box fusion-builder-row-1 fusion-flex-container nonhundred-percent-fullwidth non-hundred-percent-height-scrolling\" style=\"background-color: rgba(255,255,255,0);background-position: center center;background-repeat: no-repeat;border-width: 0px 0px 0px 0px;border-color:var(--awb-color3);border-style:solid;\" ><div class=\"fusion-builder-row fusion-row fusion-flex-align-items-flex-start fusion-flex-justify-content-center\" style=\"max-width:1310.4px;margin-left: calc(-4% \/ 2 );margin-right: calc(-4% \/ 2 );\"><div class=\"fusion-layout-column fusion_builder_column fusion-builder-column-0 fusion_builder_column_3_4 3_4 fusion-flex-column\"><div class=\"fusion-column-wrapper fusion-flex-justify-content-flex-start fusion-content-layout-column\" style=\"background-position:left top;background-repeat:no-repeat;-webkit-background-size:cover;-moz-background-size:cover;-o-background-size:cover;background-size:cover;padding: 0px 0px 0px 0px;\"><div style=\"text-align:center;\"><span class=\" fusion-imageframe imageframe-none imageframe-1 hover-type-none\" style=\"border-radius:12px;\"><a class=\"fusion-no-lightbox\" href=\"https:\/\/ivodent.hu\/\" target=\"_blank\" aria-label=\"ivodent-logo\" rel=\"noopener noreferrer\"><img decoding=\"async\" width=\"450\" height=\"167\" src=\"https:\/\/hadocongress.com\/2023\/wp-content\/uploads\/2022\/04\/ivodent-logo.jpg\" data-orig-src=\"https:\/\/hadocongress.com\/2023\/wp-content\/uploads\/2022\/04\/ivodent-logo.jpg\" alt class=\"lazyload img-responsive wp-image-2979\" srcset=\"data:image\/svg+xml,%3Csvg%20xmlns%3D%27http%3A%2F%2Fwww.w3.org%2F2000%2Fsvg%27%20width%3D%27450%27%20height%3D%27167%27%20viewBox%3D%270%200%20450%20167%27%3E%3Crect%20width%3D%27450%27%20height%3D%27167%27%20fill-opacity%3D%220%22%2F%3E%3C%2Fsvg%3E\" data-srcset=\"https:\/\/hadocongress.com\/2023\/wp-content\/uploads\/2022\/04\/ivodent-logo-200x74.jpg 200w, https:\/\/hadocongress.com\/2023\/wp-content\/uploads\/2022\/04\/ivodent-logo-400x148.jpg 400w, https:\/\/hadocongress.com\/2023\/wp-content\/uploads\/2022\/04\/ivodent-logo.jpg 450w\" data-sizes=\"auto\" data-orig-sizes=\"(max-width: 640px) 100vw, 450px\" \/><\/a><\/span><\/div><\/div><style type=\"text\/css\">.fusion-body .fusion-builder-column-0{width:75% !important;margin-top : 20px;margin-bottom : 20px;}.fusion-builder-column-0 > .fusion-column-wrapper {padding-top : 0px !important;padding-right : 0px !important;margin-right : 2.56%;padding-bottom : 0px !important;padding-left : 0px !important;margin-left : 2.56%;}@media only screen and (max-width:1200px) {.fusion-body .fusion-builder-column-0{width:75% !important;order : 0;}.fusion-builder-column-0 > .fusion-column-wrapper {margin-right : 2.56%;margin-left : 2.56%;}}@media only screen and (max-width:640px) {.fusion-body .fusion-builder-column-0{width:100% !important;order : 0;}.fusion-builder-column-0 > .fusion-column-wrapper {margin-right : 1.92%;margin-left : 1.92%;}}<\/style><\/div><div class=\"fusion-layout-column fusion_builder_column fusion-builder-column-1 fusion_builder_column_3_4 3_4 fusion-flex-column\"><div class=\"fusion-column-wrapper fusion-flex-justify-content-flex-start fusion-content-layout-column\" style=\"background-position:left top;background-repeat:no-repeat;-webkit-background-size:cover;-moz-background-size:cover;-o-background-size:cover;background-size:cover;padding: 0px 0px 0px 0px;\"><style type=\"text\/css\">@media only screen and (max-width:1200px) {.fusion-title.fusion-title-1{margin-top:10px!important; margin-right:0px!important;margin-bottom:20px!important;margin-left:0px!important;}}@media only screen and (max-width:640px) {.fusion-title.fusion-title-1{margin-top:10px!important; margin-right:0px!important;margin-bottom:20px!important; margin-left:0px!important;}}<\/style><div class=\"fusion-title title fusion-title-1 fusion-sep-none fusion-title-center fusion-title-text fusion-title-size-three\" style=\"margin-top:10px;margin-right:0px;margin-bottom:20px;margin-left:0px;\"><h3 class=\"title-heading-center fusion-responsive-typography-calculated\" style=\"margin:0;--fontSize:36;line-height:1.3;\"><strong>IvoDent &#8211; minden ami Ivoclar egy helyen&#8230;<\/strong><\/h3><\/div><div class=\"fusion-text fusion-text-1\" style=\"text-transform:none;\"><p>\u2026 ezzel indultunk 2007-ben egy 40 nm-es irod\u00e1b\u00f3l, \u00e9s a l\u00e9nyeg az\u00f3ta sem v\u00e1ltozott: az Ivoclar hatalmas fog\u00e1szati, fogtechnikai term\u00e9k \u00e9s rendszer koncepci\u00f3j\u00e1t teljes mellsz\u00e9less\u00e9ggel k\u00e9pviselni a lehet\u0151 <strong>legmagasabb szakmai t\u00e1mogat\u00e1ssal<\/strong> Magyarorsz\u00e1gon.<br \/>\n2016 \u00f3ta m\u00e1r egy 400 nm-es \u00f6n\u00e1ll\u00f3 \u00e9p\u00fcletben v\u00e1rjuk partnereinket \u00d3bud\u00e1n, ahol egy jelent\u0151s m\u00e9ret\u0171 <strong>anyagrakt\u00e1r, bemutat\u00f3terem, CAD\/CAM gy\u00e1rt\u00f3 r\u00e9szleg, szerviz<\/strong> \u00e9s egy 20 f\u0151s <strong>oktat\u00f3terem <\/strong>t\u00e1mogatja \u00fcgyfeleink kiszolg\u00e1l\u00e1s\u00e1t.<\/p>\n<p>Az Ivoclar eredeti c\u00e9gfiloz\u00f3fi\u00e1ja \u2013 <strong>Passion Vision Innovation<\/strong> &#8211; egybeesett meggy\u0151z\u0151d\u00e9s\u00fcnkkel, miszerint puszt\u00e1n term\u00e9keket eladni nincs \u00e9rtelme, ha nem tudjuk a rendszerben elfoglalt hely\u00fcket \u00e9s nem \u00e9rt\u00fcnk hozz\u00e1 legal\u00e1bb felhaszn\u00e1l\u00f3i szinten, ami elengedhetetlen ahhoz, hogy partnereinknek <strong>megfelel\u0151 inform\u00e1ci\u00f3t \u00e9s t\u00e1mogat\u00e1st ny\u00fajtsunk<\/strong>. Ennek legegyszer\u0171bb m\u00f3dja a k\u00e9pz\u00e9seken t\u00fal, ha a term\u00e9keket k\u00e9zbe vessz\u00fck \u00e9s mi is dolgozunk vel\u00fck, m\u00e9g ha nem is \u00e9letvitel-szer\u0171en.<\/p>\n<p>2009-t\u0151l a <strong>fog\u00e1szati fot\u00f3z\u00e1s<\/strong> ter\u00fclet\u00e9n magam is bekapcsol\u00f3dtam a k\u00e9pz\u00e9sekbe, <strong>fot\u00f3s kurzusaink<\/strong> az\u00f3ta is nagy sikerrel futnak.<\/p>\n<p>2017-\u00f3ta <strong>CAD\/CAM k\u00f6zvetlen gy\u00e1rt\u00e1ssal<\/strong> (5ax sz\u00e1raz\/nedves mar\u00e1s, csiszol\u00e1s minden alapanyagb\u00f3l, 3D nyomtat\u00e1s) is seg\u00edtj\u00fck \u00fcgyfeleink mindennapjait.<\/p>\n<p>Kiemelten fontosnak tartjuk az <strong>eduk\u00e1l\u00e1st,<\/strong> tanul\u00f3k \u00f6szt\u00f6nz\u00e9s\u00e9t, szakmai fejl\u0151d\u00e9s t\u00e1mogat\u00e1s\u00e1t, \u00edgy az elm\u00falt \u00e9vekben t\u00f6bb mint <strong>400 kurzust<\/strong>, el\u0151ad\u00e1st, szimp\u00f3ziumot, ki\u00e1ll\u00edt\u00e1st \u00e9s fog\u00e1szati versenyt tartottunk, szervezt\u00fcnk.<\/p>\n<p>Az \u00e9vek sor\u00e1n az <strong>Ivoclar term\u00e9kei<\/strong> mellett letett\u00fck voksunkat olyan, magas min\u0151s\u00e9get k\u00e9pvisel\u0151, <strong>innovat\u00edv fog\u00e1szati gy\u00e1rt\u00f3k<\/strong> mellett is, mint a <strong>Formlabs (3D nyomtat\u00e1s)<\/strong>, <strong>Medit (IO scanner)<\/strong>, CAD Star (labor scanner), 3shape, LM Dental (k\u00e9zim\u0171szerek), Edenta (forg\u00f3eszk\u00f6z\u00f6k), DentaFab, Renfert, MPF, HP Dent, Indusbello, Polydentia&#8230;<br \/>\nKiemelend\u0151 fentiek k\u00f6z\u00fcl a komplex praxis\/labor portf\u00f3li\u00f3val rendelkez\u0151 <strong>Formlabs 3D nyomtat\u00f3ival<\/strong> \u00e9s a <strong>Medit <\/strong>k\u00f6t\u00f6tts\u00e9gek n\u00e9lk\u00fcli, kompromisszummentes <strong>IO scannerjeivel<\/strong>, melyek szoros egy\u00fcttm\u0171k\u00f6d\u00e9s\u00e9nek k\u00f6sz\u00f6nhet\u0151en az <strong>orthodontiai <\/strong>ter\u00fcleteken is nagyban <strong>gyors\u00edthat\u00f3<\/strong> \u00e9s egyszer\u0171s\u00edthet\u0151 a munka.<\/p>\n<p>Az <strong>IvoDent <\/strong>c\u00e9ljainak megval\u00f3sul\u00e1s\u00e1t \u00e9s<strong> partnereinek<\/strong> <strong>professzion\u00e1lis kiszolg\u00e1l\u00e1s\u00e1t<\/strong> szakmailag felk\u00e9sz\u00fclt, seg\u00edt\u0151k\u00e9sz, bar\u00e1ts\u00e1gos \u00e9s nem utols\u00f3sorban vid\u00e1m <strong>csapat t\u00e1mogatja<\/strong>.<\/p>\n<p>IvoDent Magyarorsz\u00e1g Kft. 1037 Budapest, Bojt\u00e1r utca 56. Tel: +36 1 299-0117 Fax: +36 1 299-0118<\/p>\n<p><a href=\"https:\/\/mailtrack.io\/trace\/link\/442aa2bc07a6d6a593401a63b70a4016b950c8a9?url=https%3A%2F%2Fivodent.hu%2F&amp;userId=1682630&amp;signature=83a74057f477bc51\">https:\/\/ivodent.hu\/<\/a><\/p>\n<\/div><\/div><style type=\"text\/css\">.fusion-body .fusion-builder-column-1{width:75% !important;margin-top : 20px;margin-bottom : 20px;}.fusion-builder-column-1 > .fusion-column-wrapper {padding-top : 0px !important;padding-right : 0px !important;margin-right : 2.56%;padding-bottom : 0px !important;padding-left : 0px !important;margin-left : 2.56%;}@media only screen and (max-width:1200px) {.fusion-body .fusion-builder-column-1{width:75% !important;order : 0;}.fusion-builder-column-1 > .fusion-column-wrapper {margin-right : 2.56%;margin-left : 2.56%;}}@media only screen and (max-width:640px) {.fusion-body .fusion-builder-column-1{width:100% !important;order : 0;}.fusion-builder-column-1 > .fusion-column-wrapper {margin-right : 1.92%;margin-left : 1.92%;}}<\/style><\/div><\/div><style type=\"text\/css\">.fusion-body .fusion-flex-container.fusion-builder-row-1{ padding-top : 0px;margin-top : 0px;padding-right : 0px;padding-bottom : 0px;margin-bottom : 0px;padding-left : 0px;}<\/style><\/div>\n","protected":false},"excerpt":{"rendered":"","protected":false},"author":1,"featured_media":0,"parent":1099,"menu_order":0,"comment_status":"closed","ping_status":"closed","template":"100-width.php","meta":{"footnotes":""},"yoast_head":"<!-- This site is optimized with the Yoast SEO plugin v19.6.1 - https:\/\/yoast.com\/wordpress\/plugins\/seo\/ -->\n<title>IvoDent - Magyar \u00c1llcsont-ortop\u00e9diai \u00e9s Fogszab\u00e1lyoz\u00e1si T\u00e1rsas\u00e1g I. Nemzetk\u00f6zi Kongresszusa<\/title>\n<meta name=\"robots\" content=\"index, follow, max-snippet:-1, max-image-preview:large, max-video-preview:-1\" \/>\n<link rel=\"canonical\" href=\"https:\/\/hadocongress.com\/2023\/szponzorok\/ivodent\/\" \/>\n<meta property=\"og:locale\" content=\"hu_HU\" \/>\n<meta property=\"og:type\" content=\"article\" \/>\n<meta property=\"og:title\" content=\"IvoDent - Magyar \u00c1llcsont-ortop\u00e9diai \u00e9s Fogszab\u00e1lyoz\u00e1si T\u00e1rsas\u00e1g I. Nemzetk\u00f6zi Kongresszusa\" \/>\n<meta property=\"og:url\" content=\"https:\/\/hadocongress.com\/2023\/szponzorok\/ivodent\/\" \/>\n<meta property=\"og:site_name\" content=\"Magyar \u00c1llcsont-ortop\u00e9diai \u00e9s Fogszab\u00e1lyoz\u00e1si T\u00e1rsas\u00e1g I. Nemzetk\u00f6zi Kongresszusa\" \/>\n<meta property=\"article:modified_time\" content=\"2023-08-15T06:53:17+00:00\" \/>\n<meta name=\"twitter:card\" content=\"summary_large_image\" \/>\n<meta name=\"twitter:label1\" content=\"Becs\u00fclt olvas\u00e1si id\u0151\" \/>\n\t<meta name=\"twitter:data1\" content=\"8 perc\" \/>\n<script type=\"application\/ld+json\" class=\"yoast-schema-graph\">{\"@context\":\"https:\/\/schema.org\",\"@graph\":[{\"@type\":\"WebPage\",\"@id\":\"https:\/\/hadocongress.com\/2023\/szponzorok\/ivodent\/\",\"url\":\"https:\/\/hadocongress.com\/2023\/szponzorok\/ivodent\/\",\"name\":\"IvoDent - Magyar \u00c1llcsont-ortop\u00e9diai \u00e9s Fogszab\u00e1lyoz\u00e1si T\u00e1rsas\u00e1g I. Nemzetk\u00f6zi Kongresszusa\",\"isPartOf\":{\"@id\":\"https:\/\/hadocongress.com\/2023\/#website\"},\"datePublished\":\"2022-05-06T11:47:51+00:00\",\"dateModified\":\"2023-08-15T06:53:17+00:00\",\"breadcrumb\":{\"@id\":\"https:\/\/hadocongress.com\/2023\/szponzorok\/ivodent\/#breadcrumb\"},\"inLanguage\":\"hu\",\"potentialAction\":[{\"@type\":\"ReadAction\",\"target\":[\"https:\/\/hadocongress.com\/2023\/szponzorok\/ivodent\/\"]}]},{\"@type\":\"BreadcrumbList\",\"@id\":\"https:\/\/hadocongress.com\/2023\/szponzorok\/ivodent\/#breadcrumb\",\"itemListElement\":[{\"@type\":\"ListItem\",\"position\":1,\"name\":\"Kezd\u0151lap\",\"item\":\"https:\/\/hadocongress.com\/2023\/\"},{\"@type\":\"ListItem\",\"position\":2,\"name\":\"Szponzorok\",\"item\":\"https:\/\/hadocongress.com\/2023\/szponzorok\/\"},{\"@type\":\"ListItem\",\"position\":3,\"name\":\"IvoDent\"}]},{\"@type\":\"WebSite\",\"@id\":\"https:\/\/hadocongress.com\/2023\/#website\",\"url\":\"https:\/\/hadocongress.com\/2023\/\",\"name\":\"Magyar \u00c1llcsont-ortop\u00e9diai \u00e9s Fogszab\u00e1lyoz\u00e1si T\u00e1rsas\u00e1g I. Nemzetk\u00f6zi Kongresszusa\",\"description\":\"#breakthru2022\",\"publisher\":{\"@id\":\"https:\/\/hadocongress.com\/2023\/#organization\"},\"potentialAction\":[{\"@type\":\"SearchAction\",\"target\":{\"@type\":\"EntryPoint\",\"urlTemplate\":\"https:\/\/hadocongress.com\/2023\/?s={search_term_string}\"},\"query-input\":\"required name=search_term_string\"}],\"inLanguage\":\"hu\"},{\"@type\":\"Organization\",\"@id\":\"https:\/\/hadocongress.com\/2023\/#organization\",\"name\":\"hadocongress.com\",\"url\":\"https:\/\/hadocongress.com\/2023\/\",\"sameAs\":[],\"logo\":{\"@type\":\"ImageObject\",\"inLanguage\":\"hu\",\"@id\":\"https:\/\/hadocongress.com\/2023\/#\/schema\/logo\/image\/\",\"url\":\"https:\/\/hadocongress.com\/2023\/wp-content\/uploads\/2022\/02\/logo-default.png\",\"contentUrl\":\"https:\/\/hadocongress.com\/2023\/wp-content\/uploads\/2022\/02\/logo-default.png\",\"width\":342,\"height\":102,\"caption\":\"hadocongress.com\"},\"image\":{\"@id\":\"https:\/\/hadocongress.com\/2023\/#\/schema\/logo\/image\/\"}}]}<\/script>\n<!-- \/ Yoast SEO plugin. -->","yoast_head_json":{"title":"IvoDent - Magyar \u00c1llcsont-ortop\u00e9diai \u00e9s Fogszab\u00e1lyoz\u00e1si T\u00e1rsas\u00e1g I. Nemzetk\u00f6zi Kongresszusa","robots":{"index":"index","follow":"follow","max-snippet":"max-snippet:-1","max-image-preview":"max-image-preview:large","max-video-preview":"max-video-preview:-1"},"canonical":"https:\/\/hadocongress.com\/2023\/szponzorok\/ivodent\/","og_locale":"hu_HU","og_type":"article","og_title":"IvoDent - Magyar \u00c1llcsont-ortop\u00e9diai \u00e9s Fogszab\u00e1lyoz\u00e1si T\u00e1rsas\u00e1g I. Nemzetk\u00f6zi Kongresszusa","og_url":"https:\/\/hadocongress.com\/2023\/szponzorok\/ivodent\/","og_site_name":"Magyar \u00c1llcsont-ortop\u00e9diai \u00e9s Fogszab\u00e1lyoz\u00e1si T\u00e1rsas\u00e1g I. Nemzetk\u00f6zi Kongresszusa","article_modified_time":"2023-08-15T06:53:17+00:00","twitter_card":"summary_large_image","twitter_misc":{"Becs\u00fclt olvas\u00e1si id\u0151":"8 perc"},"schema":{"@context":"https:\/\/schema.org","@graph":[{"@type":"WebPage","@id":"https:\/\/hadocongress.com\/2023\/szponzorok\/ivodent\/","url":"https:\/\/hadocongress.com\/2023\/szponzorok\/ivodent\/","name":"IvoDent - Magyar \u00c1llcsont-ortop\u00e9diai \u00e9s Fogszab\u00e1lyoz\u00e1si T\u00e1rsas\u00e1g I. Nemzetk\u00f6zi Kongresszusa","isPartOf":{"@id":"https:\/\/hadocongress.com\/2023\/#website"},"datePublished":"2022-05-06T11:47:51+00:00","dateModified":"2023-08-15T06:53:17+00:00","breadcrumb":{"@id":"https:\/\/hadocongress.com\/2023\/szponzorok\/ivodent\/#breadcrumb"},"inLanguage":"hu","potentialAction":[{"@type":"ReadAction","target":["https:\/\/hadocongress.com\/2023\/szponzorok\/ivodent\/"]}]},{"@type":"BreadcrumbList","@id":"https:\/\/hadocongress.com\/2023\/szponzorok\/ivodent\/#breadcrumb","itemListElement":[{"@type":"ListItem","position":1,"name":"Kezd\u0151lap","item":"https:\/\/hadocongress.com\/2023\/"},{"@type":"ListItem","position":2,"name":"Szponzorok","item":"https:\/\/hadocongress.com\/2023\/szponzorok\/"},{"@type":"ListItem","position":3,"name":"IvoDent"}]},{"@type":"WebSite","@id":"https:\/\/hadocongress.com\/2023\/#website","url":"https:\/\/hadocongress.com\/2023\/","name":"Magyar \u00c1llcsont-ortop\u00e9diai \u00e9s Fogszab\u00e1lyoz\u00e1si T\u00e1rsas\u00e1g I. Nemzetk\u00f6zi Kongresszusa","description":"#breakthru2022","publisher":{"@id":"https:\/\/hadocongress.com\/2023\/#organization"},"potentialAction":[{"@type":"SearchAction","target":{"@type":"EntryPoint","urlTemplate":"https:\/\/hadocongress.com\/2023\/?s={search_term_string}"},"query-input":"required name=search_term_string"}],"inLanguage":"hu"},{"@type":"Organization","@id":"https:\/\/hadocongress.com\/2023\/#organization","name":"hadocongress.com","url":"https:\/\/hadocongress.com\/2023\/","sameAs":[],"logo":{"@type":"ImageObject","inLanguage":"hu","@id":"https:\/\/hadocongress.com\/2023\/#\/schema\/logo\/image\/","url":"https:\/\/hadocongress.com\/2023\/wp-content\/uploads\/2022\/02\/logo-default.png","contentUrl":"https:\/\/hadocongress.com\/2023\/wp-content\/uploads\/2022\/02\/logo-default.png","width":342,"height":102,"caption":"hadocongress.com"},"image":{"@id":"https:\/\/hadocongress.com\/2023\/#\/schema\/logo\/image\/"}}]}},"_links":{"self":[{"href":"https:\/\/hadocongress.com\/2023\/wp-json\/wp\/v2\/pages\/3106"}],"collection":[{"href":"https:\/\/hadocongress.com\/2023\/wp-json\/wp\/v2\/pages"}],"about":[{"href":"https:\/\/hadocongress.com\/2023\/wp-json\/wp\/v2\/types\/page"}],"author":[{"embeddable":true,"href":"https:\/\/hadocongress.com\/2023\/wp-json\/wp\/v2\/users\/1"}],"replies":[{"embeddable":true,"href":"https:\/\/hadocongress.com\/2023\/wp-json\/wp\/v2\/comments?post=3106"}],"version-history":[{"count":2,"href":"https:\/\/hadocongress.com\/2023\/wp-json\/wp\/v2\/pages\/3106\/revisions"}],"predecessor-version":[{"id":4211,"href":"https:\/\/hadocongress.com\/2023\/wp-json\/wp\/v2\/pages\/3106\/revisions\/4211"}],"up":[{"embeddable":true,"href":"https:\/\/hadocongress.com\/2023\/wp-json\/wp\/v2\/pages\/1099"}],"wp:attachment":[{"href":"https:\/\/hadocongress.com\/2023\/wp-json\/wp\/v2\/media?parent=3106"}],"curies":[{"name":"wp","href":"https:\/\/api.w.org\/{rel}","templated":true}]}}